(-39)/2 + (-3)/6. Let q be ((-1)/2)/(10/(-720)). Let m = t + q. What are the prime factors of m?
2
Let x(q) = 108*q**2 + 27*q - 6. What are the prime factors of x(-4)?
2, 3, 269
Suppose 2*d - 32 + 8 = 0. Suppose 2*r - d = -4*q + 8, q + 2*r - 5 = 0. What are the prime factors of 3 + -1 + q + -1?
2, 3
Suppose -p - 6*v = -2602, 4*v - 322 = -p + 2272. What are the prime factors of p?
2, 1289
Let p be (-2 + -2 + -4)*-36. Suppose -348 = -3*j + p. What are the prime factors of j?
2, 53
Let a be 2/((-30)/10731) - 4/(-10). List the prime factors of 8/(-5)*a/22.
2, 13
Suppose 10 = 2*a, 34 = -2*i + 5*a + 13. Suppose i*h + 130 = 3*h - k, 0 = -2*h - 2*k + 252. List the prime factors of h.
2
Let v = 85 + -15. Let s be 8/7 - 10/v. Suppose 2*g - 4*a = 20, 5*g - s - 5 = -a. What are the prime factors of g?
2
Suppose 17 = 4*q + 365. Let c be q/2 + 1/(-2). Let g = c + 85. What are the prime factors of g?
41
Let s = -5 - -18. Let y = 17 - s. Suppose d - 3*o - 64 = 0, -2*d - y*o - 7 = -95. List the prime factors of d.
2, 13
Let c = -46 + 42. What are the prime factors of -1*(-7 - (4 + c/4))?
2, 5
Suppose -7*h - 14*h + 49833 = 0. List the prime factors of h.
3, 7, 113
Suppose -16*k + 15 = -21*k. What are the prime factors of (-4)/3*k - (-69 + -3)?
2, 19
Let r be 9 - (1 + 3 - 8). What are the prime factors of 53/2*(-11 + r)?
53
Let c = 1479 + -384. Suppose -f = 5*y - y - 876, -5*y = -f - c. List the prime factors of y.
3, 73
Let j(y) = -y**3 - 5*y**2 + 8*y + 8. Let s be j(-6). List the prime factors of (105/6)/(s/(-8)).
5, 7
Suppose 0 = 6*p - 85 - 179. What are the prime factors of p?
2, 11
Let j = -2360 + 3484. Suppose -t = -4*z + 1139, 8*z + 4*t = 12*z - j. What are the prime factors of z?
2, 11, 13
Let m(b) = -b**3 + 5*b**2 - 3*b - 4. Suppose -5*i = -i + 3*d - 10, 7 = 5*i + d. Let a be (i/3)/((-3)/(-27)). List the prime factors of m(a).
5
Suppose 18*d = 4*x + 21*d - 4830, -x + 1198 = -4*d. What are the prime factors of x?
2, 3, 67
Let i(p) = 97*p**3 + p**2 + 7*p - 11. What are the prime factors of i(2)?
3, 29
Suppose 28*n - 3116 = -904. List the prime factors of n.
79
Let r(x) = x**3 - 34*x**2 - 8*x - 68. List the prime factors of r(35).
877
Suppose 2*s - 698 = -0*s. What are the prime factors of s?
349
Let t = -8 - -8. Let j = t + 4. Suppose -c - 16 = -2*c - j*b, 2*c = -b + 18. List the prime factors of c.
2
Suppose a - 6*a = 0. Suppose a - 3 = o. What are the prime factors of (o - 7)*(1 + -4)?
2, 3, 5
Suppose 5*d - 1008 = 4*o + 1902, 5*d = 3*o + 2915. List the prime factors of d.
2, 293
Let n = -41 - -45. Suppose -3*h + n*u + 252 = 0, -593 = -5*h - 5*u - 138. What are the prime factors of h?
2, 11
Suppose 32 = -5*f + 97. Let v = f - 13. Suppose 2*g + 15 - 39 = v. List the prime factors of g.
2, 3
Let w be (-3)/4*12/(-3). Let y(q) = 71*q + 7. Let l be y(3). Suppose w*o - l = -2*o. What are the prime factors of o?
2, 11
Let h(z) = 5*z + 1 + 3*z + 2*z. List the prime factors of h(6).
61
Suppose 2*p + p + 4*a - 385 = 0, 3*a = 2*p - 268. Let c = p - 51. What are the prime factors of c?
2, 5
Let d = 251 - 147. List the prime factors of d.
2, 13
Let h = -27 - -27. Suppose -5*a - 2*m + h*m = -485, 4*a = -m + 388. Suppose 5*q = a + 58. List the prime factors of q.
31
Let x = 54 - 0. List the prime factors of x.
2, 3
Suppose 3*t = 2805 + 687. What are the prime factors of t?
2, 3, 97
List the prime factors of (308/(-5))/(11 - 10296/935).
2, 7, 11, 17
Suppose 21*o = 16*o + 555. What are the prime factors of o?
3, 37
What are the prime factors of 5/(-1) + 6 + -5 + 498?
2, 13, 19
Suppose -n = 3*f - 12 + 1, 0 = -3*f - 5*n + 19. Suppose -f*a + 3 = -3. Suppose -a*c + 28 = 6. List the prime factors of c.
11
Let x(t) = -t - 5. Let f be x(-8). Suppose -q - f*q + 5*m + 268 = 0, 3*q - m = 190. What are the prime factors of q?
2, 31
Suppose 2077 = 9*x - 6005. List the prime factors of x.
2, 449
Let c(s) = 2*s + 286. List the prime factors of c(29).
2, 43
Let j(a) = -2*a + 30. Let y be j(14). Let n(w) = 3 - w - w - y + 0*w**2 + 13*w**2. What are the prime factors of n(-2)?
3, 19
Suppose 5*b - r = -584, -r - 742 + 156 = 5*b. Let c = 191 + b. Suppose u - 2*a - 11 = 0, -9 + c = 5*u - 5*a. List the prime factors of u.
3, 5
Suppose j - 5 = -1. Suppose j = -0*p + 2*p. Suppose 115 = 5*y + 3*h, p*y + 0*h = -5*h + 27. What are the prime factors of y?
2, 13
Suppose -56*j + 20*j + 70596 = 0. List the prime factors of j.
37, 53
Let q = 7846 - 5241. List the prime factors of q.
5, 521
Suppose -85 = 4*w + v, 29 = -3*w - 2*v - 36. Let h = -15 - w. What are the prime factors of h?
2, 3
Let r(o) = 13*o**2 - 19*o + 139. What are the prime factors of r(5)?
3, 41
Let x = 672 - 207. List the prime factors of x.
3, 5, 31
Let q(u) be the second derivative of -u**4/12 - 19*u**3/6 - 15*u**2/2 - 9*u. Let c(m) = -3*m**2 + 4*m - 2. Let j be c(3). What are the prime factors of q(j)?
19
Let o(q) be the third derivative of q**5/60 + q**4/6 - q**3/6 - 3*q**2. Let v be o(-6). Suppose -7*z = -v*z + 40. List the prime factors of z.
2, 5
Suppose -h - 4*w + 25 = -2*w, -h = 4*w - 29. List the prime factors of h.
3, 7
Let j(f) = 19*f + 11. Let h(q) = 95*q + 55. Let y(i) = 2*h(i) - 11*j(i). What are the prime factors of y(-6)?
103
Let p(i) = 2*i**3 + 14*i**2 + 3*i - 9. List the prime factors of p(-5).
2, 19
Let t(r) = -r**2 - 3*r - 8. Let f(x) = 6*x**2 + 16*x + 41. Let s(q) = 2*f(q) + 11*t(q). List the prime factors of s(9).
2, 3, 11
Suppose 5*x - 9 = 1. List the prime factors of -3 + x/2 + 107.
3, 5, 7
Let c(o) = 22*o - 3. Let w(m) = 33*m - 5. Let k(u) = -8*c(u) + 5*w(u). List the prime factors of k(-8).
3, 29
Suppose 4*p + 4*q = -0*p + 5864, -p = 4*q - 1454. List the prime factors of p.
2, 3, 5, 7
Let i = 6 + -9. Let s be ((-6)/(-36))/(2/12*1). Let o = s - i. List the prime factors of o.
2
Suppose d - 22 = 3*d + x, 4 = -x. Let f = 53 + d. Suppose 20 = -5*p, -3*t = -8*t - 4*p + f. What are the prime factors of t?
2, 3
Suppose -3333 = -3*v + 3*i, -3*i + 2785 + 2810 = 5*v. What are the prime factors of v?
2, 3, 31
Suppose -2*v = 3*v - 3*y - 244, -4*y = 4*v - 176. Suppose 3*t - 106 = v. Let d = t + -28. What are the prime factors of d?
23
Let o be 4/(-18) - 7474/(-18). Suppose 4*l + 2*m = 334, 6*l - l = -5*m + o. What are the prime factors of l?
2, 3, 7
Suppose 5*x - 91 = -2*v - 0*x, -4*v - 2*x + 158 = 0. Let b(l) = -l**3 + 4*l**2 - 4*l + 4. Let j be b(4). Let t = j + v. What are the prime factors of t?
2, 13
Suppose 2*h = -3*g + 18, -2*h + 3 + 11 = 2*g. Suppose -b + 14 = 3*l, -g*b + 0 = 4. Suppose -61 = -3*z + t, 0 = l*t - 2*t - 15. List the prime factors of z.
2, 11
Suppose 2*n - 5014 = -2*f - 2*n, 0 = -2*f + 3*n + 5035. List the prime factors of f.
7, 359
Suppose -743*x = -741*x - 730. What are the prime factors of x?
5, 73
Let v(b) = -33*b + 3. Suppose 0*p + 3*p = 18. Let m be (-16)/(-12)*p/(-4). List the prime factors of v(m).
3, 23
Let g(u) = -u**2 - u + 1. Let b(k) = 2*k**2 + 8*k - 5. Let v = -20 - -19. Let j(i) = v*b(i) - 3*g(i). List the prime factors of j(-5).
2, 13
Let s(h) = -h**3 - 10*h**2 - 3*h - 12. Let y be s(-10). Let k = y + -15. List the prime factors of (-3)/(k/2) - -7.
5
Let j(g) = g**2 + g + 5. Suppose p - 1 - 5 = 0. What are the prime factors of j(p)?
47
Let n(y) = 7*y**2 - y**2 + 0*y**2 - 4 + 2*y - y**2. List the prime factors of n(4).
2, 3, 7
Let r = 3 + -9. Let d = 34 + r. What are the prime factors of d?
2, 7
Let z be (-10 + 4/(-2))/(-1). Let q be z*(-2 + 10/3). Suppose -13 = -w + q. What are the prime factors of w?
29
Suppose 716*a + 15964 = 720*a. List the prime factors of a.
13, 307
Suppose 3*p - 9*p + 3198 = 0. Suppose a + m - 56 = 77, 5*m = -4*a + p. Suppose -2*z = 2*z + 2*d - a, -5*z + 166 = 2*d. List the prime factors of z.
2, 17
Suppose 0 = 2*d + 4*l + 1776 - 4886, -5*d = -2*l - 7763. What are the prime factors of d?
1553
Let i be (2 + 2 - 3) + 14261. Suppose 1242 - i = -5*x. List the prime factors of x/44 - 8/44.
59
Let r(c) = c**2 - 7*c - 16. Let w(z) = 2*z + 2. Let b be w(6). List the prime factors of r(b).
2, 41
Suppose 3*b - 186 = -0*b - 4*j, -b = -2*j - 72. Suppose 3*g - 186 - 17 = -4*r, g = -r + b. What are the prime factors of g?
61
Let m = -2050 - -3641. List the prime factors of m.
37, 43
Let q = 616 + -478. Let p = -3 + 8. Suppose -4*i = p*g - 24 - 188, 3*i = 3*g - q. What a